 = 2*p + 3*p. What is t(p)?
20
Suppose -121*g - 64 = -105*g. Let v(o) = 2*o + 16. Determine v(g).
8
Let u be (-18)/(-8) - 6/(-8). Let v(f) = -f**3 + 4*f**2 - 3*f + 2. Let b be v(u). Let z(r) = 18*r**b + 15*r**2 + 0 - 34*r**2 + 7*r + 1. Give z(6).
7
Let r(m) be the third derivative of 3*m**6/8 + m**5/60 - m**3/6 - 223*m**2. Calculate r(1).
45
Let d(i) be the second derivative of -i**4/12 - i**3/6 - i**2/2 - 3*i. Suppose 40*k - 32*k + 8 = 0. Calculate d(k).
-1
Let i be ((-8)/(-84))/(20/70). Let t(z) be the third derivative of -1/120*z**6 - i*z**3 - 1/24*z**4 + 0 - 1/15*z**5 + 0*z - 7*z**2. Determine t(-2).
-8
Let x(j) = -j**2 + 7*j - 3. Let i be x(6). Let w(d) be the second derivative of d**4/6 - d**3/2 - 2*d**2 - 24*d + 1. Calculate w(i).
5
Let y(l) be the second derivative of l**5/20 - 6*l**2 - 3*l + 1. Determine y(0).
-12
Let o(k) = -4*k + 0*k**3 + 277*k**2 - 271*k**2 + k**3. Determine o(-5).
45
Let c(o) = -34*o + 227. Let z be c(7). Let y(j) = 5*j + 52. Calculate y(z).
-3
Let r(o) be the first derivative of o**2/2 - 3*o - 350. Determine r(-2).
-5
Suppose 4*y = 17*w - 20*w - 13, 2*y + 4 = -4*w. Let b(m) = 3*m + 12. Determine b(y).
0
Let c(q) = q**2 - 7*q + 1. Let w be (3/(-9))/((-4)/(-36)). Let y be -15 - (-3 - (w + -1)). Let d = 22 + y. Give c(d).
-5
Let l(z) = 2*z**3 + 3*z**2 + z - 1. Let m be 2/(-3)*(-12)/4. Suppose 12 = 10*i - 8*i. Let h be ((-4)/6)/(m/i). Calculate l(h).
-7
Let a be ((-6)/1 + 0)*(-45)/90. Let l(d) be the third derivative of -d**4/24 - 5*d**3/6 + d**2. Let f(s) = -2*s - 6. Let p(j) = a*l(j) - 2*f(j). Give p(4).
1
Let j(u) = -2*u**3 + 4*u**2 - 3*u. Suppose 2*f = 5*g - 35, 0 = -5*g + 2*g - 2*f + 21. Suppose 5*v + 4 = g*v. Give j(v).
-6
Suppose 2 + 3 = d. Let w(x) = 4*x**3 - x**2 + 3*x - 6. Let n(k) = 5*k**3 - 2*k**2 + 2*k - 6. Let s(j) = 5*n(j) - 6*w(j). Calculate s(d).
-9
Let k(w) = -505*w - w**3 + 8 + 12*w**2 + 519*w - 25. Give k(13).
-4
Let c(q) be the second derivative of 5*q**3/6 - q**2/2 + 2*q - 99. Give c(2).
9
Let s be -5*(-10)/(-25)*(-3)/2. Let i(o) = -5*o**2 + 2*o - 8. Let y(m) = 6*m**2 - 2*m + 9. Let w(h) = 5*i(h) + 4*y(h). Give w(s).
-7
Suppose 0 = -c - 2*w - 2, -4*c + 251 = -3*w + 270. Let a be -3 - -4 - 0/1. Let x(t) = 0*t**2 + 5*t + t**2 + 0*t**2 - a. Calculate x(c).
-5
Let a(h) be the first derivative of 2*h**3/3 - 5*h**2/2 + 3*h + 186. Calculate a(5).
28
Let j(f) = -f**2 - 7*f - 12. Let w be j(-5). Let g = 19 - 13. Let z(b) = b + 3 + g - 5. Give z(w).
2
Let j be 1/(((-9)/1)/(-63)). Let v(x) be the first derivative of -x**2/2 + 4*x + 1. Calculate v(j).
-3
Let u(o) = -o**2 + o. Suppose 0 = 4*h + 2*z + 40, 5*h - 2*z = -47 - 3. Let p be (h/(-15))/((-2)/3). Give u(p).
-2
Let h(j) = 3*j**2 + 13*j + 6. Let z(r) = -r**3 - 10*r**2 - 7*r + 14. Let x be z(-9). Calculate h(x).
2
Let l(g) = 2*g**2 - 3*g + 11. Let a(n) = -n**2 + n - 5. Let j(x) = 7*a(x) + 4*l(x). Calculate j(4).
5
Let y(q) be the second derivative of q**3/2 - 2*q**2 + 2*q - 23. Determine y(-8).
-28
Let z(v) = 2*v - 14. Let y = -1093 - -1082. What is z(y)?
-36
Let z(l) = 214 + l**2 + l + 205 - 3*l - 401 + 9*l. What is z(-4)?
6
Suppose 10 = d + 4*d. Let k(w) = -6*w - w**d + 2*w + w - 12 + 16. Give k(-3).
4
Let g(u) = -u**3 + 2*u**2 - 10*u + 4. Let j(d) = -d**3 - 11*d + 4. Let a(p) = 3*g(p) - 2*j(p). Give a(5).
-11
Let g(q) = 21*q + 45. Let k be g(-2). Let m(b) = 11*b - 2. Determine m(k).
31
Let b(s) = s**3 - 12*s**2 + 2*s - 27. Let x be ((-6)/10)/((-108)/2160). Determine b(x).
-3
Let h(g) = 327 - 165 + g - 171. What is h(6)?
-3
Let a(l) = -4*l**2 - 3*l + 5. Let v(p) = 3*p**2 + 2*p - 4. Let t(i) = 2*a(i) + 3*v(i). Let u = 53 + -88. Let b = 32 + u. What is t(b)?
7
Let b(w) be the first derivative of w**3/3 + 5*w**2/2 + 4*w + 99. Determine b(-6).
10
Suppose 55*p = 57*p + 4. Let m(f) be the first derivative of -f**4/4 - 3*f**2/2 - 3*f - 12. What is m(p)?
11
Let p be 6/(-1*(-1)/(-1)). Let b(z) = -11*z + 9 + 4*z + 19*z - 9*z. Determine b(p).
-9
Let c(z) be the first derivative of -19*z**4/4 + z**3/3 - 120. Give c(-1).
20
Suppose 87*y + 774 = y. Let k(w) = -w**3 - 8*w**2 + 9*w - 3. What is k(y)?
-3
Let a(k) be the first derivative of -k**2/2 - 5*k - 1111. Let r = -1 - 5. Determine a(r).
1
Let s(q) = q**3 + 8*q**2 + 8*q + 8. Let w be s(-7). Let d = 1 - w. Let f(u) = -34*u + 8 + 1 + 34*u + u**2. Determine f(d).
9
Let q(o) be the third derivative of 0*o + 0*o**4 - 13*o**2 - 1/30*o**5 + 0 - 1/20*o**6 + 1/6*o**3. Suppose -2 = 3*f + 1. What is q(f)?
5
Let m(n) = n**3 + n**2 - 2*n - 2. Let w be m(0). Let l = -5 - w. Let c(h) = h**3 + 3*h**2 + 4*h + 2. Determine c(l).
-10
Let j(n) be the first derivative of 3*n**4 - n - 189. Let w = 1 - 2. Determine j(w).
-13
Let l be (36/(-14))/(5/35). Let u = -19 - l. Let r = -1 - u. Let k(g) = -g**3 + g**2 + g - 9. What is k(r)?
-9
Let n be ((-4)/9)/(36/(-162)). Let c(p) = -3*p**2 - n*p + p - 2 + 0. Calculate c(-2).
-12
Let a(v) = -v**2 + 8*v - 15. Suppose 21*t = 14*t + 49. Give a(t).
-8
Let r(n) = -2 - n - 2 + 7 - 1. Suppose -2*z = 2*g + 14, -3*g + 5*g + 13 = -z. Give r(g).
8
Let g(v) = -4*v**2 - 6*v - 5. Suppose -q = -5*x + 22, -50*q + 54*q - 2*x + 16 = 0. Give g(q).
-9
Let l(y) = -3*y - 3 + y**2 + y + 2*y - 4*y - y. Give l(5).
-3
Let b(h) = -h**3 + 9*h**2 - 7*h + 5. Let o(l) = 4*l**2 - 5*l**2 - l**2 + 9*l**3 - 23*l - 2 + 26*l. Let k be o(1). What is b(k)?
13
Let v(t) = -t**2 - 6*t - 3. Suppose 2*b + 3*a + 4 = a, 0 = -a + 2. Let q be v(b). Let y(r) = 1 - 2*r - q*r**3 - 5*r - 6*r**2 + 4*r**3. Determine y(-5).
11
Let x(l) be the third derivative of l**6/120 - l**5/15 + l**4/12 - l**3/2 + 358*l**2. Suppose 0 = -3*g + 3, -q + g + 4*g = 1. Determine x(q).
5
Let a(x) = -x**3 + x**2 - 5*x + 3. Let y be a(3). Let g be (12/20)/((-3)/y). Let v(d) = d**2 - 4*d + 2. Calculate v(g).
14
Let d = -253 - -251. Let f(c) = -7*c - 7. What is f(d)?
7
Let p(n) = -3*n**3 - 10*n**2 - 6*n + 16. Let f(l) = -l**3 + l. Let r(q) = 4*f(q) - p(q). What is r(11)?
-27
Let n = -6 - -11. Let i = 105 + -105. Suppose -10 = -2*y, i*y + 3*y + 15 = n*t. Let u(g) = -g**2 + 6*g + 7. Give u(t).
7
Let w(j) = 4*j + 9. Let y(l) be the first derivative of l**2/2 + 16. Let a(r) = w(r) - 2*y(r). Determine a(-6).
-3
Let q(b) = 8*b**2 + b + 1. Let r(x) = -3*x + 18. Let p be r(8). Let n be 6/9*9/p. What is q(n)?
8
Let n(t) = t**3 - 10*t**2 + 8*t - 76. Let c be n(10). Let l(x) = x**3 - 4*x**2 - 5*x - 3. What is l(c)?
-23
Let b = 13 - 14. Let l(y) = 13*y**2 + 15*y**2 - 1 + 9*y**2 - 42*y**2. Give l(b).
-6
Suppose 0 = -3*j + 2*m + 22, m = 5*j + 3*m - 10. Suppose 0 = -0*k + k + j. Let p(i) = 5 - i**2 + i - 4 - 2*i + 2. What is p(k)?
-9
Let n(o) be the third derivative of o**8/6720 - o**7/630 - o**6/240 + 7*o**4/24 + 7*o**2. Let x(p) be the second derivative of n(p). Determine x(4).
-12
Let j(v) = -v**2 - 14*v - 17. Suppose -11 = -6*l - 83. Determine j(l).
7
Let w(f) = 2*f + f**2 - f**2 + 1 + 276*f**3 - 275*f**3. Calculate w(-2).
-11
Let f(n) = -n**3 - 30*n**2 + 2*n + 62. Let g be f(-30). Let v(x) be the third derivative of 1/6*x**3 + 0 - 5/24*x**4 + 0*x - g*x**2. Calculate v(-2).
11
Let z(h) = 92 - 2*h - 83 + 0*h. Give z(-13).
35
Let v(n) = -5 + 0*n**2 - n**2 - 4 - 8*n + 6*n. Let h(k) = k - 8 - 2 - 3*k - 2*k**2 - k. Let x(m) = -2*h(m) + 3*v(m). Determine x(0).
-7
Let i(t) = -5*t + 5*t + 4*t - 6*t. Suppose 4*a - n - 16 = -3*n, -4*a = 4*n - 20. Suppose 4*f + 25 = -a*b - 10, -15 = 3*f. Calculate i(b).
10
Let r(g) = -4*g - 1. Suppose 3*k = 8*k - 25. Suppose l - 2*l - 6 = 0. Let a = l + k. Give r(a).
3
Let y(g) be the third derivative of 1/6*g**3 + 0 + 8*g**2 - 1/24*g**4 + 0*g. Determine y(-3).
4
Let l(u) = -10*u**2 + 9*u**2 - 4 + 3*u + 0. Let n be 1/(2/1)*6. Give l(n).
-4
Let v(j) = -j + 9. Suppose -3*u = 2*g + 6, -2*u + 0*g = g + 3. Suppose -5*o + 54 - 39 = u. Determine v(o).
6
Suppose 3 = j, 7 = -5*q - 0*j - j. Suppose -3*w - 4*b + 14 = 0, w + 2 = 5*w - 3*b. Let v(r) = -4*r**2 - r + 3*r**w - 2*r**2. Give v(q).
-10
Let b(u) = 9*u**2 - u - 7*u**2 - 3 + 4*u. Let a be b(-2). Let r(y) = 10*y + 1. Calculate r(a).
-9
Suppose 2*s = -2 + 20. Let j be ((-1 - -2)*-13)/(1 + -2). Let d = s - j. Let q(g) = -g - 2. Give q(d).
2
Let w(d) = 2*d - 11. Let x(g) = -g**2 - 20*g + 149. Let s be x(6). What is w(s)?
-25
Suppose -30 = 13*p + 22. Let j(w) = w**2 + 4*w + 7. Determine j(p).
7
Let y(s) be the seco